 Let m be r(-7). What is the highest common factor of m and p?
5
Let i(q) = -5*q**2 - 14 - 2*q**2 + 7*q**2 + q**2. Let c be i(7). Calculate the highest common factor of c and 7.
7
Suppose -5*y + 15 = -30. Let k = -208 + 210. Suppose -2*f + 2*p - 31 = -153, -k*f = 2*p - 130. What is the greatest common factor of y and f?
9
Let h = -11 - 14. Let o = h + 137. What is the greatest common divisor of o and 14?
14
Suppose 0*a + 13 = 2*o + a, 1 = 2*o + 5*a. Let l be 2*2/2*-2*-14. Calculate the highest common divisor of l and o.
8
Let p(c) = 1 - 6 + 2 + 2*c. Let r be 21/(-2)*(-72)/54. Let t be p(r). What is the highest common divisor of t and 50?
25
Let f(r) = -r - 10. Let g be f(-15). Suppose -4*h + 360 = g*h. Calculate the highest common divisor of h and 8.
8
Suppose -5*t + 42 = -5*m - 88, -38 = -t - 3*m. Let h = t + -26. Calculate the greatest common factor of 3 and h.
3
Suppose -21 - 13 = -2*a. Let n be (4 - 0) + 1/(1/53). Suppose -3*g = -3*h - 321, 3*g - 368 = h - n. What is the greatest common factor of a and g?
17
Suppose -3 = -z - 0. Suppose -v - 2*v = -2*i + 5, -2*v - 10 = -3*i. Suppose -4*a - 5*k = i, z*k - 3 = a - 19. What is the highest common factor of a and 4?
4
Let k(b) = -75*b - 435. Let a be k(-10). Suppose 2*r = 18 + 12. Calculate the highest common factor of a and r.
15
Suppose 7*n - 3*n = -4*x + 160, -3*x - 5*n + 112 = 0. Suppose x = 9*s - 442. What is the greatest common factor of s and 18?
18
Suppose -10*b + 6 = -7*b. Let t be (-9 + 5)/(2/(-7)). What is the highest common divisor of b and t?
2
Let f = 1 - 1. Suppose 5*u - 5*l - 65 = f, -4*u = l - 2*l - 43. Let o = 55 - 45. Calculate the highest common factor of o and u.
10
Suppose 0 = -4*c + 49 - 13. Suppose 5*z + 36 + c = 0. Let f be (29 - 3)*z/(-2). Calculate the highest common divisor of 13 and f.
13
Suppose 5*t - 232 = 518. Let z be 36 - ((-8)/84 - 2304/(-378)). Calculate the highest common factor of z and t.
30
Let l = 121 - 61. Suppose -j - l = -3*j. Let y = 119 + -44. Calculate the highest common divisor of y and j.
15
Suppose z - 3*z - 50 = 0. Let d = z + 29. Calculate the highest common factor of d and 28.
4
Let s be (495/6)/(1/2). What is the highest common factor of 264 and s?
33
Let k = -133 + 265. Let u = 33 - 31. Suppose -5*s = -2*s + u*n - 38, -4*s = n - 49. What is the highest common factor of s and k?
12
Let l(q) = -q**2 - 16*q + 25. Let t be l(-17). Let m = -6 + t. Suppose -2*v = -4*x + 250, -7*v + 2*v = m*x - 95. What is the highest common divisor of x and 15?
15
Let k(o) = o**3 + 10*o**2 + 17*o - 38. Let y be k(-6). Calculate the highest common divisor of 66 and y.
2
Let m = -65 + 68. Suppose -2*q + 28 = 2*r - q, 3*r + m*q - 42 = 0. What is the greatest common divisor of r and 42?
14
Let i(w) = 12*w. Let v be i(3). Suppose -2*f + 126 = -18. Calculate the highest common divisor of v and f.
36
Let k = 193 + -190. Calculate the greatest common divisor of k and 48.
3
Let n(h) = h - 37. Let v be n(17). Let x be v/(-1 - (-15)/21). Calculate the greatest common divisor of 10 and x.
10
Let j(n) = n**2 + 16*n + 2. Let p be j(-16). Suppose -w - 5*a + 44 = 0, p*w = w - a + 28. Calculate the greatest common divisor of w and 48.
24
Let o be 80 - (6 + 15/(-5)). What is the highest common divisor of o and 22?
11
Let f = -19 - -115. Calculate the greatest common divisor of 1056 and f.
96
Let y(s) = s + 5. Let c be y(-5). Suppose o - 26 = -c. What is the highest common factor of o and 286?
26
Suppose 154 = 4*y - 86. Let s = 1331 - 1307. What is the greatest common factor of s and y?
12
Suppose -5*a = -15, 0*m + 12 = -3*m + 4*a. Suppose m = 5*t - 49 - 101. What is the greatest common divisor of t and 12?
6
Let o(j) = -j + 8. Let t be o(4). Let f = 2 + t. Suppose n - 1 - f = 0. Calculate the highest common divisor of 77 and n.
7
Let k = 646 + -617. What is the highest common divisor of k and 145?
29
Let h = 3 + -1. Let j be 3/h - 2/4. Let t = 4241 + -4234. Calculate the greatest common factor of j and t.
1
Suppose -8*m = -10*m + 18. Let r = 24 - m. What is the greatest common divisor of r and 3?
3
Suppose -5*w = 5*g - 80, -3*g = -2*w + w. Suppose 0 = 4*u - 99 - 45. Calculate the greatest common factor of u and w.
12
Suppose 2*a - 87 = 189. What is the greatest common factor of 92 and a?
46
Let l be -3 - (1 + -54 - 2). Suppose 0 = 7*r - 0 - 14. Suppose 0 = f + 4*x + 1 - 34, -4*f - r*x = -62. Calculate the greatest common divisor of f and l.
13
Let o be 2940/63 - (-2)/(-3). Let k = -2 - -5. Suppose -2*r = -5*l - 31, -3*r + 0*l + 60 = -k*l. Calculate the highest common divisor of o and r.
23
Let c be 10/(3 - -2) - 0. Suppose -3*y + 54 = c*b, -5*y = 2*b - 6*y - 70. Calculate the greatest common divisor of b and 33.
33
Suppose -208*b = -207*b - 1088. What is the greatest common divisor of b and 68?
68
Let f be (-8)/14 + (-10934)/(-98). Calculate the greatest common divisor of 185 and f.
37
Suppose -i = 4*n - 811 + 246, 2*n - 2915 = -5*i. Calculate the highest common factor of i and 26.
13
Let p(h) = 7*h - 5. Let x be p(1). Suppose 0*m = x*m - g - 130, m + 5*g = 54. What is the highest common divisor of 8 and m?
8
Let z = 13 - 9. Suppose 4*d - 1 = -5*l - 0, 2*l + 22 = z*d. Suppose 5*n = 3*k + 43 - d, -n + 4*k + 1 = 0. What is the greatest common divisor of 72 and n?
9
Let t be (1 + 3)/((-2)/(-5)). Let p(h) = 40*h - 13. Let f be p(3). Suppose f = b + y - 5, 5*b = -4*y + 558. Calculate the greatest common divisor of t and b.
10
Let b be (-4)/(-10) - (-46)/10. Suppose -b*f = -10*f + 300. Suppose 6 = -2*n, -2*c - n + 377 = f. What is the highest common divisor of 20 and c?
20
Let m = 0 + 11. What is the highest common factor of 22 and m?
11
Suppose -12 - 3 = -y. Let v be (-500)/y*6/(-5). What is the greatest common divisor of v and 320?
40
Let l(s) be the third derivative of s**6/120 + s**5/30 - s**4/8 + s**3/6 - 37*s**2. Let p be l(-3). Calculate the greatest common factor of p and 4.
1
Suppose 51 = 4*q + 19. Let u be 14/q + (-3)/(-12). Suppose 0 = 6*y - u*y - 44. What is the greatest common factor of 55 and y?
11
Let w be 795/12 + (-5 + 2)/12. What is the greatest common divisor of w and 814?
22
Let u(s) = 17*s**2 - 14*s - 1. Let h be u(3). Calculate the highest common factor of 264 and h.
22
Suppose 0 = -3*j - 9 + 24. Suppose -44 + 74 = j*y. Calculate the highest common factor of 42 and y.
6
Let z = -22 + 27. Suppose z*q - 16*q = -22. Calculate the highest common factor of 8 and q.
2
Suppose -3*b + 9 = -c - 3*c, -c - 5*b + 15 = 0. Let g be (3 + -4 - 0)*c. Suppose g*x + 2*x - 38 = 0. Calculate the highest common factor of 190 and x.
19
Suppose -5*g + 21 = 4*d, -6*g + 2*d = -4*g - 12. Let f = -50 + 60. What is the greatest common factor of f and g?
5
Let c(z) = 8*z + 3 + 12 - 9*z. Let h be c(11). Suppose -30 = -h*n + 18. Calculate the greatest common divisor of n and 48.
12
Let i = 960 + -946. What is the highest common divisor of i and 273?
7
Let l = 1140 - 1070. Let r = 3 + 7. Calculate the highest common divisor of l and r.
10
Suppose z - 5*c = -3, -1 - 11 = -4*c. Let r be 24/15*(-220)/(-88). What is the highest common divisor of r and z?
4
Suppose 2*t - 1644 = -4*h, 4*h = -31*t + 26*t + 4140. What is the greatest common factor of t and 52?
52
Suppose a = 2*a - 3. Let b(h) = -h**3 + 15*h**2 + 2*h - 15. Let i be b(15). What is the highest common factor of i and a?
3
Let f(v) = v**2 - v + 1. Let n(m) = m**2 + 9*m - 4. Let c(y) = 4*f(y) - n(y). Let s be c(8). What is the greatest common divisor of s and 24?
24
Let i = -3 - -5. Suppose -19 = -3*r - 4*a, i*r - 51 = 4*a + a. Suppose -4*t = -p - r - 73, -2*t + 40 = p. Calculate the greatest common divisor of t and 14.
7
Let d = -1180 - -1232. Let q(o) = 7*o - 3. Let u be q(6). What is the greatest common divisor of d and u?
13
Suppose -22*f - 4*f = -598. What is the greatest common factor of f and 23?
23
Suppose 11*s - 465 - 1141 = 0. What is the highest common factor of 73 and s?
73
Suppose 35*j = -4*j + 1755. What is the highest common factor of 12 and j?
3
Let f(x) = x**3 + 10*x**2 - 26*x. Let u be f(-12). What is the highest common divisor of 56 and u?
8
Let y = 92 - 65. Suppose 3*o = -4*z, 5*z + 8 = o + y. Suppose 0*q = -z*q + 462. What is the highest common factor of 14 and q?
14
Suppose -5*f + 183 + 172 = 0. What is the greatest c